8*j - j**2 - 4 + 12*j + 0*j**2. What is b(0)?
-4
Let d be -5 + 5 + 4/1. Let z(g) = -3*g + 4. Determine z(d).
-8
Let b(l) be the third derivative of 0*l + 0 + 5/6*l**3 + 6*l**2 - 1/24*l**4. Calculate b(-5).
10
Let x be 12*(-2 + (-12)/(-8)). Let d be -2*(0 - (-9)/x). Let h(u) = u**2 - 7*u - 1. Let y(v) = -v**2 + 6*v. Let q(r) = 3*h(r) + 4*y(r). Give q(d).
-3
Let f(l) = -l**3 + 2*l**2 - 4*l + 2. Let g(m) = -m**2 + 6*m - 3. Let c be g(5). Let v = -2 + 6. Suppose c*x - 4*x = -v. What is f(x)?
-6
Let i(z) = z**2 - z. Suppose 3*h - 4*l = 10, -2*h - 2*l - 20 + 8 = 0. Determine i(h).
6
Let o(y) = y + 2. Let x(d) = -d - 3. Let h(i) = 6*o(i) + 4*x(i). Let f = 19 - 18. Calculate h(f).
2
Suppose -3*d = -5*p + 8, 2*d - 1 + 5 = 4*p. Let l(b) = -b**3 - 5*b**2 + 8*b + 3. What is l(d)?
-9
Let y = 2 - -2. Suppose 0*o + o = 2*h - 42, -4*h + 86 = -3*o. Suppose 0 = -y*t - t + h. Let q(p) = p**3 - 4*p**2 + p - 1. Calculate q(t).
3
Suppose 0 = 4*w - 8*w - 20. Let b(k) be the first derivative of k**3/3 + 3*k**2/2 - 5*k + 31. What is b(w)?
5
Suppose 3*r - 2*r = 2. Let c be (1 + 2)/6*-2. Let u be (c/(-3))/(r/6). Let g(p) = -4*p**2 + p. Give g(u).
-3
Suppose -4*f + 5 = -3. Suppose -5*k = 3*p + 16, 15 = f*p - 2*k - 1. Suppose 4*q - 2*b = 15 - 3, 2*q - p*b + 2 = 0. Let n(r) = -r**2 + 3*r + 6. What is n(q)?
-4
Let b(w) = -3*w - 4. Let i(a) = -2*a - 5. Let f(n) = 3*b(n) - 4*i(n). Determine f(0).
8
Let a(b) = b**3 - 2*b**2 - 2*b - 1. Suppose -7*r = -9*r + 6. Give a(r).
2
Let c be (20/8)/(-5)*-6. Let s(y) = -y**2 + 3*y. What is s(c)?
0
Let o(c) = -c**2 - 7*c + 11. Let y(z) = z**2 + 8*z - 12. Suppose 0 = -4*g - 27 + 11. Let m be g/(-3*(-2)/6). Let d(r) = m*y(r) - 5*o(r). What is d(-5)?
3
Let q be (-1)/(-3)*(6 - 0). Let m(c) = 6*c - 2. Calculate m(q).
10
Let y(b) be the first derivative of -b**3/3 - b**2/2 - 4*b + 1. Let z be 0 - (0 - 0/(-3)). Let q be z*((-6)/(-3))/(-2). What is y(q)?
-4
Suppose 2*g = -3*g + 3*y + 33, -2*g - 5*y = -7. Let a(t) = -t**2 + 8*t + 4. Determine a(g).
16
Let f(c) = -c**3 + 6*c**2 + 2*c - 5. Suppose 3*q + 3*x - 12 = 0, -5*x = -q + 2*q + 4. Determine f(q).
7
Let y = 12 - -6. Let z be (-7 + -1)*y/(-24). Let t(n) = n**3 - 5*n**2 - 8*n + 8. What is t(z)?
-4
Let b(q) = -q**2 - 3*q + 4. Let y(n) = -2*n**2 - 2*n - 2. Let c be y(-2). Let w be 224/12 + (-4)/6. Let l be (-69)/w - (-1)/c. Determine b(l).
0
Let j(i) = -i. Let q be -2 - ((-2 - -2) + -1). Let c = -6 - -1. Let n(u) = -9*u**2 + 4*u. Let f(b) = c*j(b) + q*n(b). Calculate f(1).
10
Let v(f) = -2*f + 1. Suppose -r = -5 - 0. Let k = -2 + r. Let u = 7 - k. Give v(u).
-7
Suppose -7*p = 4*p + 55. Let o(z) = -z**2 - 7*z - 3. Determine o(p).
7
Let l(v) = v**3 - 8*v**2 + 8*v - 6. Suppose m + 1 - 8 = 0. Give l(m).
1
Let p(w) = 6*w + 8. Let z(m) = m**2 - 5*m + 5. Let q be 1/4*-5*-4. Let o be z(q). Let k(b) = -7*b - 9. Let i(h) = o*p(h) + 4*k(h). What is i(3)?
10
Let d(k) = -2*k + 11. Let z be d(8). Let g(m) = m**3 + 6*m**2 + 5*m - 6. Calculate g(z).
-6
Let c(l) = -2*l**2 - l. Let f(k) = k**3 + 2*k**2 - 1. Let i be f(-3). Let x be i/(-8) + (-14)/56. What is c(x)?
-3
Let g(x) = x - 6. Let l be g(11). Let c(r) = -r**3 + 5*r**2 + 2*r - 4. Let h be c(l). Let p(u) = u**3 - 5*u**2 - 5*u - 8. Calculate p(h).
-2
Suppose 8 = -2*l, 8 = -4*h - l - 3*l. Let r(g) = -2*g**2 - 5*g - 3 + 0*g**2 + g**h. Determine r(-6).
-9
Let q(c) = -c**3 - c + 10. Suppose 0 = 7*u - 4*u. Give q(u).
10
Let v(n) = 3 + 5*n - 5*n + n. Suppose -2*c = -4*h + 10, -5*c + h = -h + 25. What is v(c)?
-2
Let h = 3 - -16. Suppose 2*p = 2*d + 6, 0 = -5*p - 2*d + 5*d + h. Let y(u) = -u**2 + 6*u - 6. What is y(p)?
-1
Let k(c) be the first derivative of 9*c**4/4 + c**3/3 - c**2/2 + c + 8. Give k(1).
10
Let x(k) = -10*k**2 - 2*k - 9. Let c(b) = 7*b**2 + b + 6. Let g(s) = 7*c(s) + 5*x(s). What is g(-2)?
-1
Let d(k) be the second derivative of k**5/20 - 7*k**4/12 - k**3/3 + k**2 - 2*k + 19. Calculate d(7).
-12
Let z(b) be the third derivative of b**7/840 - b**6/360 - b**5/120 + b**4/24 + 5*b**3/6 - 5*b**2. Let w(y) be the first derivative of z(y). Determine w(1).
0
Suppose -5*v + 12 = -h - 4, -4*v = -2*h - 8. Let b(r) = r**3 - 3*r**2 - 3*r - 1. Give b(v).
3
Let p(x) be the first derivative of -x**2 + 4*x - 1. Suppose 5*u - 4*d = -0*u + 18, 2*u + 3*d - 21 = 0. Determine p(u).
-8
Let g be (7 + -4)/(1/2). Let r(h) be the first derivative of -h**4/4 + 7*h**3/3 - 2*h**2 + 3*h - 43. Calculate r(g).
15
Let f(p) = 3*p - 4*p + p**3 + 1 + 4*p + 4*p**2 + 1. Suppose -4*d + 1 = -3*d + 4*m, 4*d + 7 = -5*m. Determine f(d).
2
Let w = -3 + 7. Suppose 5*y = -p, -2*y + 7*y = -w*p + 15. Let q be 2/p + (-22)/5. Let l(t) = 3*t + 5. What is l(q)?
-7
Suppose -2 = -0*x - x. Let t(f) = f**3 + f - 1. Let c(h) = -3*h**3 + h. Let l(g) = c(g) + 2*t(g). What is l(x)?
-4
Let z(g) be the third derivative of g**7/1260 + g**6/120 + g**5/40 - g**4/8 - g**2. Let x(b) be the second derivative of z(b). Give x(-4).
11
Let b(x) = 5*x**3 - 2*x**2 - 2*x - 8. Let v(w) = -w**3 - w**2 - w. Let p(z) = b(z) + 4*v(z). Calculate p(7).
-1
Let n(d) = d**3 - 6*d**2 - 2*d + 8. Let u be 3 + -1 + 5 + -1. Suppose -f + 2*f = u. What is n(f)?
-4
Let k(r) = -9*r**2 - r + 1. Let y be ((-12)/54)/(2/(-18)). Suppose -2*h + 7 = 5*u, -u + 3*h - y = -0*h. Give k(u).
-9
Let s be ((-6)/(-5))/((-6)/(-15)). Suppose -s = -6*m + 3*m. Let c(x) = m + x + 0 + x - x**2. Determine c(-1).
-2
Let q(j) = j**3 - 5*j**2 - 6*j - 7. Suppose 0 = -3*r - 2*a + 28, 2*r - 37 = -4*a - a. Calculate q(r).
-7
Suppose a - r - 7 = 0, 3*a + 2*r = -0*r + 1. Suppose 14 = -z + 4*s, 5*z + 0*s - 6 = s. Let h(b) = 57 - 57 + b**3 - 4*b - z*b**2. Calculate h(a).
-3
Let q(i) = -i**2 + 5*i - 6. Let l(v) = 2*v**2 + v - 4. Let j be l(-3). Let x = -6 + j. What is q(x)?
-6
Let a = -13 + 14. Let f(p) be the first derivative of p**2 - 2. Calculate f(a).
2
Let o(t) = -41*t**2 - 5*t - 3. Let n(l) = 14*l**2 + 2*l + 1. Let x(z) = -11*n(z) - 4*o(z). Give x(1).
9
Let a(s) = 6*s**3 + 6*s**2 - 4*s + 8. Let u(f) = -7*f**3 - 7*f**2 + 5*f - 9. Let k(i) = 6*a(i) + 5*u(i). Suppose -1 = -5*w - 6. Let v = w + 1. Calculate k(v).
3
Let y(h) be the third derivative of -h**5/120 + 5*h**4/24 + 2*h**3/3 + h**2. Let t(c) be the first derivative of y(c). Calculate t(0).
5
Let g(n) be the third derivative of -1/60*n**5 + 1/6*n**4 + n**3 + 0*n - n**2 + 0. Calculate g(6).
-6
Let o = 5 + -5. Let x = 0 + o. Let m(l) = -2*l - l**2 + 11*l**3 + x*l - 12*l**3 - 3. Give m(-2).
5
Let o = 11 - 7. Let v(j) = -1 - 5*j - 2 + o - 5*j. Let m(h) = -h**3 + h**2 - 1. Let w be m(-1). Give v(w).
-9
Let u(a) = -a. Let l(t) = 3*t + 1. Let o(y) = l(y) + 2*u(y). Let f be o(-6). Let x(s) = 5*s + 0 + 0 + s**3 + 6*s**2 + 3. Give x(f).
3
Let i = 4 + -1. Let n = -2 - -6. Let p(a) = 2 + a - n - i*a. Determine p(2).
-6
Suppose 4*l - 3 = 5. Let a(i) = 10*i + 2*i**l - 3*i + 2 + 6 - i**2. Calculate a(-6).
2
Let s(r) = 2*r - 3*r - 5*r. Suppose 0 = 3*w + 2 + 1. What is s(w)?
6
Let x(y) be the first derivative of -5 - 2*y - 1/2*y**2. Calculate x(-3).
1
Let r(i) = -2*i**3 - 6*i**2 + 7*i. Let f be r(-4). Let y(j) = j**2 - 6*j + 8. Let x(h) = -2*h**2 + 12*h - 17. Let v(s) = -4*x(s) - 9*y(s). Give v(f).
4
Let z(o) = o**3 + o**2 - o + 1. Let i = 5 - 9. Let t be (-4)/((-3)/6*i). Give z(t).
-1
Let q(i) = -i**2 - 9*i - 4. Let h(u) = u - 1. Let n(f) = -h(f) + q(f). Let c be n(-10). Let z(y) = -5*y**2 + 0 - y**3 - 3*y + 5 - 1. Give z(c).
-5
Let d(a) = 14*a**3 - a. Let b be d(1). Let r(u) = -2 - 6 + 14*u - b*u. Determine r(0).
-8
Let z(k) = 7*k**3 - 2*k**2 + k. Suppose -2*i = -x + 1, 2*x - 5 = -i - 3. Calculate z(x).
6
Let z(w) = 6*w - 4. Let k(o) = -o**3 - o**2 + 4*o - 1. Let l be k(-3). Calculate z(l).
26
Suppose 0 = n - 3*n. Let l(b) = -b**2 + 6*b + 8. Let w be l(7). Let q(s) = -w - 4 - s**3 + 4. Give q(n).
-1
Let c(i) be the third derivative of 13*i**4/24 - i**3/6 + 4*i**2. Calculate c(1).
12
Let g(z) = 0*z**2 + 11*z**3 + 2*z**2 - 3*z**2. Suppose 4 - 9 = -5*b. Determine g(b).
10
Let j(a) = 5*a + 4. Let n(s) = -5*s - 4. Let b(i) = 2*j(i) + 3*n(i). Determine b(-4).
16
Let n(b) = -6*b - 8. Let t(s) = -5*s - 7. Let g(x) = -6*n(x) + 7*t(x). Let l(f) = -4*f + 4. Let v(z) = 5*g(z) + l(z). Determine v(7).
6
Let h be ((-2)/(-1) - -3)*1. Let y(c) = -6*c + 4 + 0*c**2 + c**2 + 1. Let i be y(h). Let f(g) = -g**3 - g**2 - g. Determine f(i).
0
Let y(k) = 